 divided by m(-1).
31
Let k be 150/(-4)*36/(-30). Let n be 684/k - (-8)/10. Suppose -3*j - n = -130. What is the remainder when j is divided by 21?
17
Suppose 1088 = -59*j + 4156. What is the remainder when 570 is divided by j?
50
Let s be 3*(-3 - (-26)/6). Suppose 0 = -s*x + 80 + 8. What is the remainder when 84 is divided by x?
18
Suppose 2*k - 2*b = -3*k + 197, 5*k + 4*b - 221 = 0. Calculate the remainder when 138 is divided by k.
15
Let b = -23 - -24. Calculate the remainder when 7 is divided by (5*b)/(-12 + 13).
2
Calculate the remainder when 887 is divided by -7 - -83 - (15 - 13).
73
Let k = -21 + 24. What is the remainder when 10 + -5 + -5 + 17/1 is divided by k?
2
Let y = -34 + 31. Let j = 204 - 145. Calculate the remainder when j is divided by (y + 3 + (-31)/(-2))*2.
28
Let r(o) = -2*o + 4. Suppose -90 = -3*x - 3*u, 0*x + 2*x = -3*u + 61. What is the remainder when x is divided by r(-3)?
9
Suppose -5*w + 4*f + 547 = 0, 216 = -0*w + 2*w - 3*f. Let a = w - 160. Let k = -35 - a. What is the remainder when k is divided by 4?
2
Let r = -642 + 661. Calculate the remainder when 125 is divided by r.
11
Let y(m) = -9*m**3 + m**2 - 2. Let p(n) = 11*n + 88. What is the remainder when y(-2) is divided by p(-7)?
8
Suppose -10*i + 13*i - 168 = 0. Suppose -2*q - 58 = -4*q. Calculate the remainder when i is divided by q.
27
Let s be (-2)/11 - 92/(-22)*1. Suppose -s*t - 42 = -3*q, 4*q - t + 0*t = 43. What is the remainder when 68 is divided by q?
8
Let u = 759 - 749. What is the remainder when 669 is divided by u?
9
Suppose h + 4*z = -0*h + 15, -2*z + 15 = 3*h. Let f be (-1)/h + (-4)/6. What is the remainder when 29 is divided by ((-20)/(-6)*-3)/f?
9
Let r(v) = -v**3 - 6*v**2 - 2*v - 11. Let x be r(-7). Suppose 0 = -w - w + x. What is the remainder when 74 is divided by w?
22
Let f(g) = 33*g**2 + 5*g - 1. What is the remainder when f(3) is divided by 104?
103
Suppose -y = -2*l - 13, 2*y - 2*l = -5*l - 9. Suppose y*x - 5*x + 12 = d, 5*x = -d + 27. Calculate the remainder when 14 is divided by x.
4
Suppose -1837 + 121 = -26*u. What is the remainder when u is divided by 57?
9
Suppose 702 - 289 = 7*w. What is the remainder when w is divided by 17?
8
Let p = -227 + 288. Calculate the remainder when p is divided by 5.
1
Let b(o) be the third derivative of -7*o**4/4 - o**3/6 - 15*o**2. What is the remainder when b(-1) is divided by 14?
13
Suppose 0 = 4*r - r - 15. Suppose 585 = -0*l + r*l. Calculate the remainder when l is divided by 30.
27
Let m(f) = 2*f + 60. What is the remainder when 44 is divided by m(-15)?
14
Let c be (0 - 10/4)*2. Let b(h) = -h**3 - 3*h**2 + 7*h + 5. Calculate the remainder when 57 is divided by b(c).
17
Let x(u) = -u**3 - 15*u**2 - 7*u + 22. Suppose 0 = 19*j - 2*j - 136. What is the remainder when x(-15) is divided by j?
7
Let w(s) = -s**3 + 14*s**2 - 9*s + 14. Calculate the remainder when w(13) is divided by 26.
14
Let g(n) = n**2 + 193. Calculate the remainder when g(0) is divided by 39.
37
Suppose 7*b + 54*b = -61. Let n(d) be the second derivative of -11*d**3/3 - d**2/2 + d. Calculate the remainder when n(b) is divided by 6.
3
Suppose 16*d = 13*d + 3*f + 111, 4*d - 116 = -4*f. Let z(s) = 66*s - 1. Calculate the remainder when z(2) is divided by d.
32
Let x be (-4 - -1) + 4/(-4). Let j = 17 + x. What is the remainder when 7/((-7)/3) + 54 is divided by j?
12
Let k(x) = 22*x - 145. What is the remainder when 290 is divided by k(11)?
96
Suppose -14*k - 368 = -4*l - 10*k, -2*l - 3*k + 159 = 0. Calculate the remainder when 255 is divided by l.
81
Calculate the remainder when 2/6*3*(-10 - -295) is divided by 16.
13
Let g(d) = 2*d - 53. Let m be g(19). Let y(o) = o**3 - 6*o**2 - 2*o - 10. Let i be y(7). Let a = i + m. What is the remainder when a is divided by 6?
4
Let x be (-3 + (7 - 4))/(-2). Suppose 15 = 3*i - x*i. Suppose 9*w - 4*w - i = 0. Calculate the remainder when 2 is divided by w.
0
Let h be (28/8)/(-7)*8. What is the remainder when h*(0 + (-212)/16) is divided by 28?
25
Let t = 19 - 32. Let u = t + 69. Calculate the remainder when u is divided by 20.
16
Suppose 2*l + p = 28, l - 28 = -3*l + 5*p. Suppose 5*q = -l + 27. Suppose -1 - 32 = -q*z. Calculate the remainder when 41 is divided by z.
8
Suppose 198 = 2*s + 9*s. Let p = -29 - -39. Calculate the remainder when s is divided by p.
8
Let u(c) = 12*c + 44. Calculate the remainder when 193 is divided by u(6).
77
Let d = 23445 + -23386. Calculate the remainder when d is divided by 13 - (-2)/3*3.
14
Suppose -795 = -56*k + 41*k. Calculate the remainder when 151 is divided by k.
45
Suppose 4*m + m = 0. Suppose u + 4*u - 60 = m. Calculate the remainder when u is divided by 7.
5
Let f(h) = -3*h - 4*h**2 + h**3 + 4*h + 5*h**2. What is the remainder when f(3) is divided by 6?
3
Let d(r) = -r**3 - r**2 + 4*r - 1. Let k be d(-3). Suppose -k*t + 133 = 3*u, 4*u + t = -t + 154. Calculate the remainder when u is divided by 19.
17
Let w(v) = -4*v**2 - 7*v + 6. Let q be w(4). Let d = -75 - q. What is the remainder when 29 is divided by d?
7
Calculate the remainder when (-13357)/(-148) + (-6)/(-8) is divided by 48.
43
Let j = -169 + 73. Let w = 173 + j. Calculate the remainder when w is divided by 16.
13
Let p be (-1 - 0)*1 + 3. Suppose -28*k + 996 + 1384 = 0. Suppose p*y + 2*u - 54 = -0*u, -5*u - k = -5*y. Calculate the remainder when y is divided by 12.
10
Let d(y) = -23*y - 75. What is the remainder when 33 is divided by d(-4)?
16
Let c be (0/(-2) + -3)/1. Let v be (5 - c)/(-4) + 79. Suppose -2*f + v = 5*f. What is the remainder when 30 is divided by f?
8
Suppose 10*f + 2*f = 756. Calculate the remainder when 119 is divided by f.
56
Let z = 12 - 4. Calculate the remainder when (1 + -15)/(1 - 2) is divided by z.
6
Let h(i) be the second derivative of -i**5/20 - i**4/2 - 5*i**3/6 + 3*i**2/2 - 13*i. Calculate the remainder when 8 is divided by h(-5).
2
Suppose 14*b = 13*b + 3, -2*o + 2*b + 12 = 0. Suppose 4*l + 52 = 4. Let q = -9 - l. What is the remainder when o is divided by q?
0
Let g(v) = 13*v**2 - 9*v. Let q(p) = -p**3 - 5*p**2 - 6*p - 1. What is the remainder when q(-4) is divided by g(1)?
3
What is the remainder when ((-565)/(-10))/((-1)/(-7 + 5)) is divided by 19?
18
Suppose 3*b - 511 = 5*o, -13*b + 147 = -12*b + 3*o. Calculate the remainder when b is divided by 15.
12
Let j = 547 - 517. Suppose 12 = -4*a, -m + a = -4*m + 531. What is the remainder when m is divided by j?
28
Let d(r) = r**2 + r + 33. Suppose -2863 = -6*b - 25*b + 144. What is the remainder when b is divided by d(0)?
31
Let s = 34 - 25. Let r = s + 1. What is the remainder when (0 + 8)/((-4)/(-14)) is divided by r?
8
Let i(y) = -y**2 - 10*y + 4. What is the remainder when (-4)/(-5) - (-3332)/35 is divided by i(-7)?
21
Suppose 19 + 5 = 4*g. Let u be 12*(-1 + 22/8). Let s = u - g. What is the remainder when 58 is divided by s?
13
Let a(d) = -d**3 - 3*d**2 + d - 5. What is the remainder when a(-6) is divided by 39?
19
Let z = 332 - 316. Calculate the remainder when 239 is divided by z.
15
Let k = 154 - -25. Calculate the remainder when k is divided by 37.
31
Let j(y) = 2*y**3 + 33*y**2 + 11*y - 4. Let z be j(-16). Suppose -4*b - z = -0*d - 4*d, 2*d - 3*b = 38. What is the remainder when 93 is divided by d?
17
Suppose b = 5*b - 2808. Let s be (-8)/(-32) - b/(-8). Let x = -48 + s. What is the remainder when x is divided by 14?
12
Let n be (-2118)/(-54) + 4/(-18). Suppose n = 4*f - 3*h, -25 = -f - 2*f - 2*h. Calculate the remainder when 35 is divided by f.
8
Let m(q) = q**3 + 3*q**2 - q - 1. Let w be m(-3). Suppose 7*f - w*f = 5. What is the remainder when 22/8 - (-9)/(-12) is divided by f?
0
Suppose -5*y + 3*v = -2*y + 3, 0 = 2*y - 3*v + 6. Calculate the remainder when (((-10)/80)/((-1)/(-6))*20)/(-1) is divided by y.
0
Let b(d) = 2*d**3 + 17*d**2 + 8*d + 10. What is the remainder when 467 is divided by b(-8)?
7
What is the remainder when ((-6)/(-8))/((-24)/1328)*-8 is divided by 48?
44
Calculate the remainder when 0 + (-318)/(-4)*(-152)/(-57) is divided by 63.
23
Let m(c) = 33*c - 195. What is the remainder when 19 is divided by m(6)?
1
Suppose 210 = -9*k + 19*k. Let l be (-4 - -1)/((-3)/32). What is the remainder when k is divided by (1/(-1))/((-4)/l)?
5
Let t = -193 + 410. Suppose 107 + t = 3*s. What is the remainder 